n base 2?
10001101100
236b (base 13) to base 2
1001101111110
-3404444 (base 5) to base 11
-41095
Convert -16470 (base 10) to base 5.
-1011340
333 (base 5) to base 14
69
What is -b152 (base 12) in base 6?
-224542
What is -2687 (base 9) in base 2?
-11111100111
Convert -20021 (base 3) to base 6.
-441
Convert -10120000 (base 3) to base 7.
-10362
2792 (base 11) to base 15
110a
What is 6732 (base 9) in base 3?
20211002
Convert 2942 (base 11) to base 15.
11d2
What is -9791 (base 13) in base 7?
-115304
Convert -1564 (base 7) to base 9.
-774
-a407 (base 13) to base 3
-1011002000
-3543 (base 11) to base 12
-2831
-2102 (base 7) to base 15
-342
1c (base 15) to base 5
102
7717 (base 8) to base 12
2413
94a (base 11) to base 6
5143
2511 (base 8) to base 10
1353
-2759 (base 10) to base 15
-c3e
Convert -676 (base 15) to base 11.
-1109
What is -1240 (base 8) in base 4?
-22200
What is -3061 (base 8) in base 7?
-4423
2c5 (base 14) to base 13
346
Convert -884 (base 13) to base 11.
-1108
What is 4ba (base 15) in base 7?
3064
-105 (base 10) to base 5
-410
1000110111 (base 2) to base 7
1440
327 (base 15) to base 8
1310
What is 10177 (base 11) in base 9?
22325
-3013 (base 4) to base 11
-171
What is 2b8 (base 12) in base 6?
1552
1211121 (base 5) to base 2
101100010000101
What is -45381 (base 9) in base 5?
-1431310
What is 6113 (base 7) in base 8?
4105
What is -29a (base 12) in base 7?
-1120
Convert -49083 (base 11) to base 4.
-101033222
-17958 (base 10) to base 3
-220122010
-1016a (base 13) to base 7
-150006
150534 (base 6) to base 12
844a
What is b0 (base 15) in base 7?
324
What is c1b (base 13) in base 3?
2211000
-460 (base 14) to base 13
-51a
-732 (base 9) to base 11
-4a2
What is -526 (base 8) in base 7?
-666
312 (base 7) to base 14
b2
Convert 13022032 (base 4) to base 2.
111001010001110
What is 21133 (base 8) in base 13?
4007
What is -4560 (base 7) in base 6?
-11403
Convert 3045 (base 11) to base 15.
12e7
What is -11243 (base 5) in base 11?
-689
What is -1602 (base 7) in base 6?
-2543
What is 4341 (base 10) in base 11?
3297
What is 241 (base 8) in base 7?
320
Convert 545 (base 12) to base 10.
773
What is 201212122 (base 3) in base 11?
a982
What is -12ba6 (base 13) in base 2?
-1000100010000110
Convert -85 (base 15) to base 9.
-148
Convert 1508 (base 10) to base 6.
10552
Convert -403 (base 11) to base 9.
-601
What is 11100011010 (base 2) in base 3?
2111100
What is 13133303 (base 4) in base 14?
b295
Convert -10000011000010 (base 2) to base 14.
-30b0
Convert 2d4 (base 16) to base 9.
884
Convert -43b (base 12) to base 11.
-517
Convert 47c1 (base 13) to base 3.
111220010
Convert -11334 (base 5) to base 15.
-3b4
-220200221 (base 3) to base 12
-a507
What is -122210 (base 3) in base 7?
-1254
What is -1110423 (base 5) in base 7?
-110550
Convert 1501 (base 7) to base 5.
4324
6aa (base 12) to base 14
510
What is -123153 (base 6) in base 15?
-3440
Convert 2421 (base 12) to base 13.
1b01
Convert -2203103 (base 4) to base 5.
-313301
What is 1111010101010111 (base 2) in base 5?
4002212
-13430 (base 6) to base 15
-956
Convert -34205 (base 9) to base 8.
-54356
What is 34210 (base 5) in base 8?
4576
-4002 (base 8) to base 12
-122a
-50113 (base 10) to base 3
-2112202001
What is 1001011110001 (base 2) in base 6?
34241
Convert -121200 (base 3) to base 7.
-1212
What is -2010 (base 3) in base 7?
-111
What is 392 (base 10) in base 14?
200
Convert -3184 (base 13) to base 8.
-15324
-363 (base 12) to base 4
-13323
What is 40333 (base 8) in base 2?
100000011011011
-12111222 (base 3) to base 16
-fb6
What is ade (base 15) in base 3?
10101002
What is 278 (base 16) in base 9?
772
What is -265 (base 10) in base 2?
-100001001
110101111 (base 2) to base 3
120222
Convert -481 (base 9) to base 7.
-1105
Convert 4818 (base 12) to base 4.
1332110
Convert -7aa (base 16) to base 4.
-132222
e1 (base 16) to base 15
100
What is 12406 (base 16) in base 12?
3731a
67 (base 14) to base 2
1011011
What is -998a (base 11) in base 9?
-20048
813 (base 14) to base 11
1211
-1303 (base 10) to base 5
-20203
What is 110130331 (base 4) in base 14?
2275b
What is 51531 (base 6) in base 11?
51a9
Convert 3136 (base 10) to base 14.
1200
What is -509 (base 14) in base 7?
-2612
Convert 11c97 (base 15) to base 7.
324502
Convert -8530 (base 11) to base 5.
-330121
-320 (base 7) to base 5
-1121
What is -2c7b (base 16) in base 13?
-524c
Convert -601 (base 7) to base 3.
-101221
What is 1010011011100110 (base 2) in base 15?
c9d6
What is 35b (base 16) in base 12?
5b7
What is -2aa8 (base 14) in base 8?
-16654
Convert 51125 (base 10) to base 15.
10235
2120a (base 11) to base 3
1120100011
-957 (base 12) to base 2
-10101010011
-1db (base 16) to base 6
-2111
464 (base 11) to base 2
1000101010
What is -2032100 (base 4) in base 2?
-10001110010000
Convert -2111010 (base 3) to base 2.
-11100010100
-326 (base 10) to base 5
-2301
Convert 4054 (base 7) to base 10.
1411
What is a2 (base 13) in base 16?
84
50636 (base 9) to base 13
12225
1011100110 (base 2) to base 5
10432
What is 1573 (base 11) in base 3?
2202200
What is 2b8 (base 12) in base 11?
35a
-c94 (base 14) to base 8
-4662
What is -3231214 (base 5) in base 3?
-2210200212
-1509 (base 10) to base 6
-10553
-8783 (base 10) to base 8
-21117
What is -622 (base 11) in base 16?
-2ee
What is -c10 (base 15) in base 5?
-41330
What is 312203 (base 4) in base 5?
102431
5187 (base 9) to base 15
11da
Convert 103332 (base 4) to base 11.
a62
699a (base 13) to base 5
433310
Convert 1894 (base 13) to base 8.
7126
Convert -5449 (base 10) to base 7.
-21613
85454 (base 9) to base 15
11b21
What is 4001 (base 9) in base 5?
43132
What is -41486 (base 10) in base 11?
-29195
What is -20684 (base 10) in base 13?
-9551
2079 (base 12) to base 5
103144
What is -100333 (base 5) in base 4?
-302102
Convert 75187 (base 9) to base 2.
1100001001000100
What is -117 (base 8) in base 15?
-54
23b70 (base 12) to base 11
33341
12ba (base 15) to base 3
12111011
654 (base 9) to base 5
4120
Convert 10014 (base 5) to base 14.
334
What is 1344201 (base 5) in base 12?
14297
What is 1011100101011 (base 2) in base 11?
4502
Convert 1100011 (base 3) to base 2.
1111010000
Convert -15156 (base 9) to base 6.
-115510
What is -27315 (base 8) in base 9?
-17382
What is -300 (base 7) in base 3?
-12110
What is -51145 (base 6) in base 8?
-15151
Convert 100404 (base 5) to base 16.
c9d
What is 5512 (base 10) in base 9?
7504
21021 (base 4) to base 9
720
What is 4dba (base 15) in base 2?
100000011011000
What is -215 (base 14) in base 16?
-19b
What is -28a (base 14) in base 7?
-1333
Convert -417 (base 15) to base 6.
-4134
What is 210012 (base 3) in base 6?
2352
-1004331 (base 5) to base 8
-37530
Convert -1aa (base 13) to base 16.
-135
Convert -2179 (base 12) to base 13.
-18b1
Convert 3d96 (base 14) to base 11.
8220
What is -360 (base 11) in base 3?
-120220
Convert 25602 (base 8) to base 3.
120021112
Convert -146136 (base 7) to base 14.
-a58d
-936 (base 12) to base 11
-1007
-100130 (base 5) to base 14
-1221
2041 (base 10) to base 14
a5b
Convert -14 (base 9) to base 4.
-31
What is -10122011 (base 3) in base 10?
-2650
What is -1347 (base 10) in base 3?
-1211220
Convert 13002 (base 4) to base 5.
3300
What is -110101011011 (base 2) in base 14?
-1363
Convert 180e1 (base 15) to base 14.
2051a
352356 (base 7) to base 13
22a73
What is -111011001011 (base 2) in base 12?
-2237
21b (base 12) to base 6
1235
Convert -33156 (base 7) to base 13.
-3a32
-100102012 (base 3) to base 14
-2703
Convert -23113 (base 5) to base 10.
-1658
What is -2178 (base 12) in base 4?
-321230
-24262 (base 7) to base 2
-1100010101100
-4566 (base 9) to base 12
-1b59
Convert -100010110100 (base 2) to base 11.
-1746
What is 12786 (base 9) in base 6?
104040
What is 6668 (base 9) in base 2?
1001100111010
What is 37e (base 15) in base 2?
1100011010
What is 236 (base 11) in base 6?
1145
Convert -5054 (base 11) to base 4.
-1220322
What is -2130 (base 5) in base 10?
-290
Convert -6544 (base 7) to base 4.
-210133
Convert -122052 (base 6) to base 11.
-8158
-2455 (base 11) to base 16
-c86
-b47 (base 16) to base 5
-43022
4da (base 14) to base 6
4304
Convert 4233111 (base 5) to base 7.
414042
Convert -200220021 (base 3) to base 8.
-32721
What is -2550 (base 10) in base 2?
-100111110110
Convert 2144 (base 16)